{"id":191,"date":"2024-04-12T00:09:51","date_gmt":"2024-04-12T00:09:51","guid":{"rendered":"https:\/\/costacaja.com\/?post_type=product&#038;p=191"},"modified":"2024-07-09T22:45:08","modified_gmt":"2024-07-09T22:45:08","slug":"caja-30-kilos","status":"publish","type":"product","link":"https:\/\/costacaja.com\/?product=caja-30-kilos","title":{"rendered":"Caja 30 kilos"},"content":{"rendered":"<p><strong>Caracter\u00edsticas<\/strong><\/p>\n<ul>\n<li>Cart\u00f3n corrugado.<\/li>\n<li>Disponible en color kraft.<\/li>\n<li>Recubrimiento impermeable.<\/li>\n<li>Una sola pieza.<\/li>\n<\/ul>\n<p><strong>Usos m\u00e1s comunes<\/strong><\/p>\n<ul>\n<li>Pulpo, cachetes, filetes, caracol, calamar.<\/li>\n<\/ul>\n","protected":false},"excerpt":{"rendered":"<p>Caracter\u00edsticas Cart\u00f3n corrugado. Disponible en color kraft. Recubrimiento impermeable. Una sola pieza. Usos m\u00e1s comunes Pulpo, cachetes, filetes, caracol, calamar.<\/p>\n","protected":false},"featured_media":276,"template":"","meta":[],"product_cat":[18],"product_tag":[],"_links":{"self":[{"href":"https:\/\/costacaja.com\/index.php?rest_route=\/wp\/v2\/product\/191"}],"collection":[{"href":"https:\/\/costacaja.com\/index.php?rest_route=\/wp\/v2\/product"}],"about":[{"href":"https:\/\/costacaja.com\/index.php?rest_route=\/wp\/v2\/types\/product"}],"wp:featuredmedia":[{"embeddable":true,"href":"https:\/\/costacaja.com\/index.php?rest_route=\/wp\/v2\/media\/276"}],"wp:attachment":[{"href":"https:\/\/costacaja.com\/index.php?rest_route=%2Fwp%2Fv2%2Fmedia&parent=191"}],"wp:term":[{"taxonomy":"product_cat","embeddable":true,"href":"https:\/\/costacaja.com\/index.php?rest_route=%2Fwp%2Fv2%2Fproduct_cat&post=191"},{"taxonomy":"product_tag","embeddable":true,"href":"https:\/\/costacaja.com\/index.php?rest_route=%2Fwp%2Fv2%2Fproduct_tag&post=191"}],"curies":[{"name":"wp","href":"https:\/\/api.w.org\/{rel}","templated":true}]}}